is the tens digit of 13848482?
8
What is the millions digit of 5061272?
5
What is the hundred thousands digit of 9951959?
9
What is the ten thousands digit of 270044?
7
What is the thousands digit of 188346?
8
What is the hundreds digit of 4356?
3
What is the units digit of 4137963?
3
What is the millions digit of 11488175?
1
What is the hundred thousands digit of 8695733?
6
What is the units digit of 481202?
2
What is the tens digit of 100059?
5
What is the thousands digit of 4104720?
4
What is the ten thousands digit of 150333?
5
What is the hundred thousands digit of 456077?
4
What is the units digit of 3546694?
4
What is the millions digit of 6621651?
6
What is the hundreds digit of 111691?
6
What is the units digit of 3181352?
2
What is the hundreds digit of 3203174?
1
What is the thousands digit of 428579?
8
What is the ten millions digit of 11924057?
1
What is the thousands digit of 72059?
2
What is the thousands digit of 1662531?
2
What is the millions digit of 20457599?
0
What is the ten thousands digit of 6077468?
7
What is the hundreds digit of 280821?
8
What is the thousands digit of 14664?
4
What is the ten thousands digit of 14919953?
1
What is the thousands digit of 810750?
0
What is the thousands digit of 617356?
7
What is the ten thousands digit of 26789?
2
What is the thousands digit of 17562715?
2
What is the hundred thousands digit of 4169305?
1
What is the units digit of 24847?
7
What is the units digit of 7994389?
9
What is the hundreds digit of 7497815?
8
What is the millions digit of 2958449?
2
What is the hundreds digit of 584761?
7
What is the thousands digit of 1996863?
6
What is the hundred thousands digit of 328415?
3
What is the thousands digit of 6809796?
9
What is the hundred thousands digit of 5304797?
3
What is the hundreds digit of 739813?
8
What is the thousands digit of 444255?
4
What is the tens digit of 572130?
3
What is the hundreds digit of 36349781?
7
What is the thousands digit of 1677725?
7
What is the hundreds digit of 4401814?
8
What is the tens digit of 1204124?
2
What is the hundred thousands digit of 765747?
7
What is the units digit of 3392387?
7
What is the thousands digit of 203961?
3
What is the tens digit of 326967?
6
What is the hundred thousands digit of 5443898?
4
What is the tens digit of 580131?
3
What is the tens digit of 36910282?
8
What is the units digit of 446976?
6
What is the hundreds digit of 839058?
0
What is the thousands digit of 22211?
2
What is the tens digit of 4799326?
2
What is the millions digit of 1984698?
1
What is the hundred thousands digit of 3266616?
2
What is the units digit of 138802?
2
What is the hundreds digit of 23531383?
3
What is the ten thousands digit of 2733960?
3
What is the thousands digit of 696399?
6
What is the ten thousands digit of 784437?
8
What is the units digit of 12804523?
3
What is the tens digit of 1349786?
8
What is the ten thousands digit of 488503?
8
What is the thousands digit of 23472881?
2
What is the ten thousands digit of 3510150?
1
What is the hundreds digit of 488020?
0
What is the ten thousands digit of 2990651?
9
What is the hundreds digit of 608095?
0
What is the hundreds digit of 245758?
7
What is the ten thousands digit of 3078074?
7
What is the hundred thousands digit of 5583545?
5
What is the thousands digit of 732910?
2
What is the hundred thousands digit of 6478842?
4
What is the units digit of 1873821?
1
What is the tens digit of 13382399?
9
What is the hundreds digit of 2013896?
8
What is the tens digit of 717294?
9
What is the thousands digit of 6583017?
3
What is the hundred thousands digit of 308872?
3
What is the tens digit of 2149842?
4
What is the tens digit of 131599?
9
What is the hundreds digit of 355708?
7
What is the hundreds digit of 2735904?
9
What is the units digit of 478127?
7
What is the tens digit of 3473867?
6
What is the ten thousands digit of 826595?
2
What is the millions digit of 3512364?
3
What is the hundreds digit of 11278739?
7
What is the ten thousands digit of 628267?
2
What is the tens digit of 12774?
7
What is the hundred thousands digit of 198917?
1
What is the units digit of 3898800?
0
What is the units digit of 593313?
3
What is the thousands digit of 900344?
0
What is the hundreds digit of 27995?
9
What is the units digit of 3503648?
8
What is the hundred thousands digit of 1713376?
7
What is the hundred thousands digit of 8874484?
8
What is the thousands digit of 2914739?
4
What is the hundreds digit of 2800806?
8
What is the thousands digit of 893119?
3
What is the hundred thousands digit of 358574?
3
What is the units digit of 635880?
0
What is the ten thousands digit of 9515394?
1
What is the ten millions digit of 14452005?
1
What is the thousands digit of 451401?
1
What is the ten thousands digit of 10037547?
3
What is the units digit of 213548?
8
What is the millions digit of 4375736?
4
What is the hundreds digit of 167687?
6
What is the ten thousands digit of 1035782?
3
What is the hundreds digit of 7964705?
7
What is the millions digit of 4355994?
4
What is the hundreds digit of 540827?
8
What is the tens digit of 11016263?
6
What is the tens digit of 1571373?
7
What is the units digit of 1115058?
8
What is the millions digit of 1765564?
1
What is the hundreds digit of 39026623?
6
What is the tens digit of 1704374?
7
What is the thousands digit of 11983106?
3
What is the hundred thousands digit of 442912?
4
What is the ten thousands digit of 374067?
7
What is the hundreds digit of 352000?
0
What is the units digit of 158756?
6
What is the units digit of 59979?
9
What is the tens digit of 216401?
0
What is the units digit of 1758545?
5
What is the tens digit of 53567?
6
What is the ten thousands digit of 9396480?
9
What is the ten thousands digit of 954641?
5
What is the ten thousands digit of 371863?
7
What is the thousands digit of 785681?
5
What is the ten thousands digit of 336954?
3
What is the tens digit of 7264746?
4
What is the thousands digit of 141000?
1
What is the thousands digit of 200921?
0
What is the units digit of 4774875?
5
What is the ten thousands digit of 16361559?
6
What is the hundred thousands digit of 1063987?
0
What is the ten thousands digit of 143096?
4
What is the hundred thousands digit of 1041663?
0
What is the millions digit of 1034431?
1
What is the hundreds digit of 7570807?
8
What is the thousands digit of 4244326?
4
What is the tens digit of 66605?
0
What is the thousands digit of 3458965?
8
What is the units digit of 1031407?
7
What is the tens digit of 5986744?
4
What is the ten thousands digit of 566338?
6
What is the hundreds digit of 156066?
0
What is the ten thousands digit of 6783016?
8
What is the hundred thousands digit of 126609?
1
What is the hundreds digit of 2765557?
5
What is the ten thousands digit of 2307766?
0
What is the thousands digit of 260514?
0
What is the tens digit of 1622086?
8
What is the ten thousands digit of 112686?
1
What is the hundred thousands digit of 301453?
3
What is the ten thousands digit of 762299?
6
What is the ten thousands digit of 115602?
1
What is the hundreds digit of 798921?
9
What is the hundred thousands digit of 24446433?
4
What is the units digit of 10712659?
9
What is the ten thousands digit of 338972?
3
What is the units digit of 2981348?
8
What is the thousands digit of 372690?
2
What is the units digit of 403098?
8
What is the hundred thousands digit of 1664049?
6
What is the units digit of 1699152?
2
What is the hundred thousands digit of 1010898?
0
What is the hundred thousands digit of 499137?
4
What is the ten thousands digit of 2228406?
2
What is the ten thousands digit of 270385?
7
What is the tens digit of 62923?
2
What is the tens digit of 303514?
1
What is the units digit of 3325076?
6
What is the tens digit of 236884?
8
What is the hundred thousands digit of 384794?
3
What is the millions digit of 1177995?
1
What is the units digit of 11674427?
7
What is the millions digit of 1092186?
1
What is the units digit of 2579259?
9
What is the ten thousands digit of 216151?
1
What is the tens digit of 557814?
1
What is the tens digit of 299847?
4
What is the ten thousands digit of 12533342?
3
What is the hundreds digit of 233170?
1
What is the ten thousands digit of 268847?
6
What